5 - 0)?
1
Evaluate 5 - (7 + (6 - 0)).
-8
What is the value of (-4 - (-11 - -4)) + (-2 - 0)?
1
What is the value of (-5 - (1 + -3)) + 1 + 3?
1
What is the value of 2 + (-2 - 0) + 2?
2
2 - (-3 - (-6 - (1 + -2)))
0
-3 + -3 + 0 + 53 + -43
4
What is the value of 6 - (2 + -2 + 6)?
0
What is -3 + (0 - -1 - -5)?
3
What is (7 - (8 - -6)) + (2 - -2)?
-3
Calculate 4 + 4 + -2 - (1 - 0).
5
Evaluate (0 - -7) + (0 - 8).
-1
Evaluate 1 + -1 + -16 + 18 - -2.
4
-45 + 45 + 9 + 0
9
-5 + 2 - (12 + -15) - -5
5
What is (-10 - -12) + 0 + -4 + -1?
-3
(1 - (-12 + 10)) + 7
10
What is the value of -1 + (7 - (-4 - -6) - 11)?
-7
-8 + 6 - (4 - 2)
-4
3 + 1 + (-4 - -2) + -2
0
Evaluate (-3 - (0 + 2 - -4)) + 5.
-4
What is the value of (-5 - 4) + 15 - 8?
-2
What is -3 + 1 - -2 - 0?
0
-5 + 2 + -2 + (-3 - -9)
1
Calculate (-4 - -3 - -2) + -3 + 7.
5
Calculate (0 + 5 - 11) + 10.
4
What is the value of 0 - ((-12 - -3) + 4)?
5
What is the value of -2 + -3 + -2 + 16 + -5?
4
-1 + -17 - (-135 + 125)
-8
Evaluate -3 - ((-9 - -4) + 8) - -4.
-2
What is the value of (-2 - 1 - -5) + -4?
-2
Calculate -1 + -1 + -1 - (0 + -2).
-1
Evaluate 9 + -4 + -2 + 0 - -2.
5
Calculate 1 + 4 + -5 + 2 + 1.
3
What is the value of -6 + (22 + -6 - (-1 - -9))?
2
1 + (4 - 1) + 2 + 0
6
What is the value of 1 - (-4 - (-2 - 5))?
-2
Calculate 1 + (2 - -3) + -4.
2
Calculate -4 + 4 + 1 + -4.
-3
Calculate 8 + -9 + 14 + -5 + 2.
10
What is the value of 0 - (2 - 5) - 1?
2
What is the value of 0 + (8 - (2 - 0 - -2))?
4
-1 - (1 - -2 - (3 + 0))
-1
Calculate (1 - (2 + -1)) + (-9 - -12).
3
What is (-12 - -1 - -8) + 2?
-1
(-2 - -9) + 1 - (4 + -6)
10
What is the value of (5 - -4) + -2 + -5?
2
What is the value of -4 + 1 + (24 - 22)?
-1
Calculate 0 + -2 + (3 - -2) + -1.
2
Calculate -3 + (-3 - (3 - 4) - 0).
-5
Calculate -2 + 3 - 2 - (-7 + 6).
0
(0 - -6 - -2) + (-4 - -2)
6
Calculate ((-1 - 2) + 3 - -1) + -6.
-5
-3 - (1 - 5) - (-2 + 6)
-3
What is 9 + (1 - 23) - (-4 + -1)?
-8
Evaluate (2 - -3) + -3 + -1 + 0.
1
Evaluate (2 - (1 + 2) - 3) + -1.
-5
4 - (23 - 16) - (-1 - 0)
-2
Calculate 3 - (5 - 1 - -1) - -3.
1
1 + (4 - -5) + -2
8
Evaluate (4 - -9 - 27) + 6.
-8
What is the value of (-5 - (-3 + 10)) + 3?
-9
What is the value of (-1 + 1 - 2) + 7 - 10?
-5
What is the value of (7 - (-2 + 2)) + 14 + -18?
3
Calculate (-14 - (0 - 21)) + -7.
0
What is 5 - (-4 + 3 + 1 + 5)?
0
Calculate -4 - (1 - 16 - -3).
8
Calculate (-1 + 0 + 4 - 9) + 2.
-4
What is 1 - 3 - -3 - 5?
-4
What is 3 + -2 - (-4 + 4 + -4)?
5
What is -2 + 1 + 34 + -32?
1
What is 8 + 7 + -5 + -1 + -15?
-6
What is the value of 7 + (-1 - 0) - 3?
3
Calculate 2 + (-1 - (2 + -6 - -1)).
4
What is -4 + (-8 + -1 - -14)?
1
What is 5 - (-7 + 15 + -3)?
0
Evaluate -8 - (8 + 8 + (2 - 21)).
-5
Calculate (-137 - -150) + (-1 - 7).
5
Calculate (2 - 10) + 12 + -5.
-1
Evaluate 4 - (-11 - -23) - -14.
6
2 + 1 - -1 - 8
-4
What is 13 + -14 - (1 - 2)?
0
Evaluate -35 + 24 + (0 - -7).
-4
What is 0 + -6 + 1 + (91 - 89)?
-3
What is 0 - 6 - (-5 - 0) - 6?
-7
Evaluate (-2 - -3 - -4) + -1.
4
What is the value of 1 + (0 - (4 - 5))?
2
What is 1 + -3 + (0 - -2)?
0
-4 + (4 - 7) + -1
-8
Calculate (0 - -4) + (1 - (4 + -4)).
5
What is the value of -1 + 9 - (3 - -1)?
4
What is the value of (2 - -4) + -1 + 0?
5
Calculate -3 - (4 - 8) - (3 + 0).
-2
What is 3 - (-11 - -20) - (0 - -1)?
-7
Calculate 6 + 5 - 3 - -6 - 7.
7
What is -1 + (1 - 6) + 3?
-3
Calculate 4 + -5 + 4 - 0.
3
What is (-5 - -1) + (62 - 56)?
2
15 + -8 - 7 - (-1 + -5)
6
Evaluate (1 - -1) + -42 + 42.
2
Calculate 8 + (2 - 16) - -12.
6
What is 47 + -38 + -12 + 1?
-2
(1 - -4) + -58 + 62
9
Evaluate 0 + 1 + (-6 - 0).
-5
6 - (1 + -2) - 3
4
What is 0 + -1 + (8 - (-9 - -21))?
-5
(4 - (1 + 8 + -3)) + 1
-1
Calculate -21 - -44 - (12 - -1).
10
What is 0 - (6 + 0) - -1 - -6?
1
(34 - 40) + -2 + 7
-1
What is (-2 - -4) + (-3 - -2)?
1
What is 11 + (-15 + -3 - -2)?
-5
Evaluate -6 + (4 + -2 - -5).
1
-2 + 0 + (4 - 4) + 2
0
What is the value of -11 + 0 + (-8 - -13)?
-6
Evaluate (2 - (2 - 2)) + 2 + -4.
0
Calculate -1 + 0 + -11 + 0 + 7.
-5
What is -33 - -37 - (4 + -2)?
2
Evaluate -24 - -15 - (-6 - -2).
-5
Calculate -3 - -3 - 0 - (8 + -4).
-4
Calculate 0 - 6 - (-3 - 1).
-2
What is -2 + -14 - -19 - (0 + 8)?
-5
What is 2 - -1 - (8 + -10)?
5
What is the value of (-7 - -1) + 0 - -3?
-3
Evaluate (-1 - -3) + 1 - -1.
4
What is 6 + -5 + -1 + 3?
3
Calculate (1 - -4) + (3 - (9 - 4)).
3
Evaluate -3 - (5 + (-9 - -4)).
-3
Evaluate -4 + -1 - (-3 + (-3 - -8)).
-7
What is 4 - (7 + 2) - -7?
2
Calculate -1 + 2 - (-5 + 5 - 1).
2
Evaluate (2 - 0) + (5 - (4 + 3)).
0
Evaluate -50 + 43 + 3 + (-1 - -2).
-3
What is (0 - (-4 - -2)) + (-4 - -2)?
0
What is 2 + (-4 - 0) - 2?
-4
What is the value of -7 + (13 - (0 + 3 + -5))?
8
Calculate (5 - 1) + -8 - 0 - -5.
1
What is the value of 6 - (15 - (9 - 4))?
-4
Evaluate -3 - 0 - (0 - 1).
-2
-4 - ((3 - 8) + -1)
2
Calculate -9 + 9 - -3 - 3.
0
-1 - (3 + -3 - 9)
8
Evaluate (7 - 2 - 8) + 4.
1
What is the value of (-6 - -1 - (-5 + -3)) + -1?
2
-6 + (0 - 7 - -9)
-4
What is the value of 7 - 0 - (3 - -1)?
3
What is (-4 - 2) + (-18 - -25)?
1
4 + (-2 - (3 + -2) - 0)
1
-4 + 3 + 2 - (2 + 2)
-3
Evaluate 4 + -8 + 2 - -4.
2
Evaluate -3 + 0 + (1 - (0 - 4)).
2
Calculate 4 + -2 + -8 + 8 + 0.
2
(1 - -6) + (32 - 32)
7
What is 2 - (-4 - (0 + -6))?
0
What is the value of -2 - ((30 - 11) + -14)?
-7
What is 1 - (0 - (0 - (2 - 5)))?
4
(1 - -5) + (6 - (2 - -5))
5
What is the value of 3 + (1 - 8) + 3 + 0?
-1
What is -4 + 16 + 2 - 8?
6
Evaluate (42 - 49) + 2 + 15.
10
Evaluate (-15 - -1) + 20 + (-9 - 5).
-8
What is the value of -4 - (4 + -4 + -1)?
-3
Calculate -1 - (3 - 2) - (42 + -39).
-5
Evaluate 1 + 3 - (3 + -13 + 13).
1
What is (-18 - -8) + 7 - -5?
2
What is the value of (-3 - -1) + 0 + 0 + 1?
-1
Calculate 2 + (5 + 0 - (-16 + 28)).
-5
What is the value of (7 - 6) + -6 + 9?
4
What is the value of 1 + (-4 + 2 - (-7 + 5))?
1
Calculate -3 + 3 + 5 + -3.
2
Evaluate -4 + -2 - ((-1 - 3) + 8).
-10
What is the value of 2 - (4 - 1) - -1?
0
What is the value of -5 + 6 + 0 + -6 + 4?
-1
1 + -1 + 2 + (-1 - 0)
1
What is the value of -4 - (-3 - -3 - 2)?
-2
What is the value of 4 - (11 - 6) - -3?
2
0 + -3 + 0 - 0
-3
Calculate 3 - (2 - (-1 + -2 - -2)).
0
Calculate 0 - (-7 + 3) - 8 - -5.
1
Evaluate -4 + 5 + 4 + -3 - -1.
3
8 + (-7 - (-2 + 8))
-5
What is (0 - 2 - -4) + -1 - 0?
1
-11 + 5 + -3 - -6
-3
What is the value of 1 - (-1 - -12) - (-1 + -7)?
-2
Evaluate -9 + 17 + -5 + -7.
-4
What is 5 + (-4 - (2 - 3 - 1))?
3
Calculate (-7 + 2 - 0) + 1.
-4
What is the value of -1 + (-4 - -1 - -7)?
3
-1 + 0 + (-3 - -2) + 2
0
(8 + -2 - (16 - 1)) + 5
-4
What is (5 - 8 - -1) + 4 + 2?
4
Calculate -3 + (-8 - -10) + 7 + -2.
4
What is (-10 - -8) + -1 + -3?
-6
What is -1 - (-11 - (-17 + 7))?
0
-6 - 1 - (4 + -9)
-2
What is the value of (2 - 1) + (-3 - (-3 - 1))?
2
(4 - 0) + -6 + 4
2
Calculate -3 + (-4 - -6) + 0.
-1
Calculate 3 + 0 + -62 + 59.
0
Evaluate -7 + 7 + (13 - 10).
3
-5 - (2 + -14) - (1 - -2)
4
1 + 0 - (-2 + (-3 - -7))
-1
What is the value of 2 - (3 + -3 + -2) - 4?
0
What is -5 + (2 + -2 - 1) + 2?
-4
Calculate 4 + (-2 - (1 - 0)) - 2.
-1
-2 + 2 + 1 + (-4 - -5)
2
Evaluate 4 + 7 + -2 + -5.
4
-11 - (-5 - (-4 - -3)) - -3
-4
15 - (17 - -2 - 13)
9
What is -14 + 10 + -4 - (-13 - -1)?
4
Calculate -3 - (5 + -1 - 9).
2
What is 6 - (-1 + 1) - (-2 + 3)?
5
13 + -3 + -2 + -3
5
0 + 4 + -1 - (7 + -1)
-3
(-2 + 3 - 8) + -1
-8
What is the value of 0 + 1 - (4 - (5 - 6))?
-4
(-2 - (-5 - (-6 - 2))) + 7
2
What is -1 + (-3 - -3 - -4)?
3
Calculate (-15 + 6 - -1) + 3.
-5
What is the value of (13 + -13 - -4) + -9?
-5
Calculate 4 - (2 + -1 + 0).
3
-51 + 56 - (-3 + 3 + 1)
4
Evaluate 1 - -8 - (3 + (9 - 7)).
4
(-2 - (6 + -4)) + 6
2
(4 - 8) + -4 + 0
-8
(1 - -6) + (-2 - 2)
3
What is the value of 5 + 1 + 5 - 19?
-8
(-1 - (-3 - -10)) + (3 - -14)
9
Calculate -3 + (4 - 2) - (6 + -2).
-5
What is (28 - 29) + (5 - 1)?
3
Evaluate -6 + 2 + -2 + 1 + 1.
-4
What is -6 + 8 + -3 - 4?
-5
What is -16 + (-2 - -15) + -3?
-6
What is -8 - (5 + -10 + 2)?
-5
12 - (6 + -5 + 5)
6
What is -3 + (4 - 11 - (-8 - -1))?
-3
Calculate -23 + 24 + (0 - 5).
-4
Evaluate -2 + 3 + -2 - -1.
0
Evaluate 2 + 2 + (2 + -13 - -2).
-5
What is (-2 - (-2 + 2 + -1)) + 2?
1
What is the value of -9 - (-15 - (6 - 7))?
5
2 + -10 - (2 + -11)
1
What is (1 - 3) + -11 + 9 + 14?
10
Evaluate -4 + (4 - (-4 - -5)).
-1
4 - ((-25 - -21